3*h**2. Give j(o).
-2
Let n(o) be the third derivative of -o**7/2520 + o**6/120 - o**5/60 - 7*o**4/24 + 13*o**2. Let p(x) be the second derivative of n(x). Calculate p(3).
7
Let l(d) = -3*d + 6. Let b be ((-5)/4)/((-47)/188). Determine l(b).
-9
Let c(b) = -b**2 - 3*b + 7. Let r(o) = o - 1. Let t(g) = c(g) + 5*r(g). Suppose 0*k - 3*k - 3 = 0, -4*k - 24 = -4*x. What is t(x)?
-13
Let a = -11875/24 + 495. Let v(b) be the third derivative of 0*b + 1/60*b**5 + 0 + a*b**4 - 5/6*b**3 + 13*b**2. What is v(-6)?
1
Let u = -1534 - -1531. Let a(l) = -l**3 + 3*l**2 + 13*l + 1. Give a(u).
16
Let z be ((-110)/77)/(5/(-14)). Let q(g) = g**3 - 2*g**2 + 2*g - 8. Let n(r) = r**2 - r - 1. Let h(w) = 2*n(w) - q(w). Determine h(z).
-10
Let h(x) be the second derivative of 1/4*x**4 + 5/6*x**3 + 5*x + 0 + x**2 - 1/20*x**5. Give h(4).
6
Let j be 2/(1 - (-1)/(-2)). Let f(o) = 4*o**2 + 4 + 16452*o**3 - 16453*o**3 + o**2 + o - 2*o**2. Determine f(j).
-8
Let h(c) = c**2 - 3*c - 5. Suppose 33*y = -20*y + 159. Calculate h(y).
-5
Let m(j) = -j**2 + 48*j + 142. Let n be m(-3). Let c(l) = l**2 + 12*l + 10. Determine c(n).
-1
Let s(a) = a**3 - 7*a**2 + 3*a. Let r be (100/15)/(-10)*-9. What is s(r)?
-18
Let w(v) = 2*v**3 + 3*v**2 - v - 3. Let j(k) = k**3 - 1. Let q be (-1*3)/(-22 + 19). Let b(c) = q*j(c) - w(c). Give b(-3).
-1
Let o(k) = 150 - 344 + 134 + 2*k. What is o(27)?
-6
Let g(r) = -r**2 + 5*r + 2. Let m(k) be the third derivative of k**6/120 - 17*k**5/60 + k**4/24 - 11*k**3/6 + 6*k**2. Let p be m(17). Calculate g(p).
-4
Let f(w) be the second derivative of w**4/12 + w**3 + 3*w**2 + 39*w. What is f(-7)?
13
Let j(v) be the first derivative of 0*v**2 + 14 + v - 1/4*v**4 - 1/3*v**3. Suppose 4*h = h + 3. Determine j(h).
-1
Let f(g) = 5*g**3 + g**2 - 6*g. Let h(a) = -6*a**3 - a**2 + 7*a. Let m(l) = -2*l + 3. Let n be m(4). Let d(t) = n*f(t) - 4*h(t). Determine d(-3).
12
Suppose 5*h - 4*b = -9, -2*b + 7 = 42*h - 47*h. Let r(c) = 4*c**3 + 2*c**2 + c. Determine r(h).
-3
Let p(a) = 7*a - 1. Let u = -22 + 30. Suppose 0 = u*x - 10*x + 8. Suppose 3 - x = -g. Give p(g).
6
Let r(g) be the first derivative of g**4/4 + g**3 - g**2/2 - g - 1. Let x be -4 - ((-2 - (3 + -8)) + (0 - 5)). Determine r(x).
5
Let u(a) = a**2 - 10*a - 5. Let t(z) = z + 1. Let i(h) = -4*t(h) - u(h). What is i(8)?
-15
Let w(b) = b**3 - b**2 + b + 1. Let f be w(-1). Let u be f/(-1) - (-3 + -1). Let z(m) be the second derivative of m**3/3 - 4*m**2 + 689*m. Calculate z(u).
4
Suppose 2*p + 4*q - 160 = 0, 5*q - 49 = -5*p + 331. Let r be 3/2 - p/(-16). Let b(a) = a - 8. Calculate b(r).
-2
Suppose -22 = -5*g - i, -4*i - 14 = -3*g - 5*i. Let y(c) = c**3 - 3*c**2 - 6*c + 2. Calculate y(g).
-6
Let w(c) = c**3 - c**2. Let y(b) = 12*b**2 - b - b**3 - 9*b**2 + 10 + 3. Let d(n) = -2*w(n) - y(n). Give d(0).
-13
Let v(n) be the second derivative of -n**3/3 + n**2/2 - 65*n. Determine v(-8).
17
Let b(v) = v**3 - 9*v**2 + 15*v - 2. Let w be b(7). Suppose -8*t - w = -9*t. Let q(y) = y**2 - 6*y + 5. What is q(t)?
0
Let f(j) = 751 - j**2 + 5*j - j - 1514 + 761. Give f(2).
2
Let v = 30 + -36. Let i be v/9*(-11 + 2). Let c(r) = r**3 - 6*r**2 + 3. Determine c(i).
3
Suppose 3*h + 74 + 5 = -4*c, h + 39 = -2*c. Let p = -15 - c. Let x(r) = -r**3 + 4*r**2 - r. What is x(p)?
-4
Let g(k) = k**2 - 20*k + 24. Let r = 653 + -634. Determine g(r).
5
Suppose -8*j = -4*j + 64. Let q be ((-3)/(-4))/((-6)/j). Suppose y = -q*y. Let k(x) = -x**3 - x**2 - x - 8. What is k(y)?
-8
Let m(q) = 14 + 21 - 44 - 10*q + 16. Determine m(7).
-63
Let t = 6 - 11. Let m(l) = -18*l - l**2 + 12*l + 5*l. Calculate m(t).
-20
Let m(r) be the third derivative of -r**4/24 + r**3/2 - 17*r**2. What is m(-3)?
6
Let u(r) = -r**2 + 6*r + 7. Suppose -2*o = 2*o + 4*d - 156, 0 = o - 2*d - 54. Let p be (-4)/3 + o/6. Calculate u(p).
7
Suppose -3*p - 14 = -5*p. Let k(w) = 3*w + 2. Let y(a) = -16*a - 13. Let j(u) = 11*k(u) + 2*y(u). Give j(p).
3
Let o(m) = 7*m**2 - 3*m - 2*m + 4*m. Let s(x) = x**2 - 3*x - 14. Let h be s(6). Suppose 3 = -j + h. Determine o(j).
6
Let b(r) = 3*r**2 - 6 - 3*r**2 - r**2 + 9*r. Let q be (2 - 10/8)/(21/112). Calculate b(q).
14
Let t(h) = 2*h + 4. Let i(a) = -3*a - 5. Suppose -2*l - 2 + 0 = -3*r, -4*l = -5*r + 6. Let w(v) = l*i(v) - 5*t(v). Calculate w(3).
6
Let z(h) = -10*h. Let p = 141 - 140. What is z(p)?
-10
Let f be 3/7 + 3/((-42)/832). Let r = 53 + f. Let n(j) = 3*j**2 - 7*j - 11. Let v(b) = b**2 - 4*b - 6. Let i(k) = 2*n(k) - 5*v(k). Calculate i(r).
8
Let q(z) be the third derivative of -z**5/120 - 7*z**4/24 + 3*z**3/2 + 16*z**2. Let r(c) be the first derivative of q(c). Determine r(-3).
-4
Let d(l) = l**3 - 11*l**2 - 13*l + 4. Let w be (-3800)/(-275) + 4/22 + -2. What is d(w)?
-8
Let g(w) be the second derivative of 1/12*w**4 + 0 - w - 1/6*w**3 + 1/2*w**2. Let i(o) be the first derivative of g(o). Calculate i(2).
3
Let i = -5 + 5. Let m(v) = 3 + 29*v + 3 - v**3 - v**2 - 28*v - 1. What is m(i)?
5
Let v(x) = -2*x**2 + x + 4. Suppose -4*c + 1 = -15. Calculate v(c).
-24
Let m(s) = -23*s + 544. Let c be m(23). Let y(f) = 2*f**2 - 30*f + 1. Determine y(c).
1
Suppose 9 = -69*s + 66*s. Let w(b) be the first derivative of -b**5/40 - b**4/6 - 4*b**3/3 - 3. Let k(q) be the third derivative of w(q). Calculate k(s).
5
Let t(r) = -5*r - 7. Let y(a) = 2*a + 0 + 9 - 7. Let h(m) = -3*t(m) - 8*y(m). Calculate h(4).
1
Let z be (48/16)/(6/8). Let g(c) = -5 + 2*c - z*c + c**2 - 2*c + 2*c. Let h be 40/8*(-2 - -3). What is g(h)?
10
Let p be ((-18)/(-7))/(-2 - 177/(-84)). Let o = 22 - p. Let v(t) = -2*t**3 - t. What is v(o)?
18
Let i be (4*-26)/8 - -3. Let t(a) = -3*a - 8. Calculate t(i).
22
Let c(d) = 5*d**3 - 2*d**2 + d - 8. Let j(z) = 6*z**3 - z**2 + z - 9. Let n(k) = 5*c(k) - 4*j(k). Give n(6).
2
Suppose 83 = 3*t - 5*n, -5*t + 3*n - 26 + 143 = 0. Suppose -4*x = -13 + t. Let f(h) = h**3 + 3*h**2 + 3*h + 3. Determine f(x).
1
Suppose -30*w = 71*w - 707. Let v(o) = 9*o + 31. Let a(b) = -5*b - 16. Suppose 0 = -2*s - 2*s - 44. Let t(y) = s*a(y) - 6*v(y). Give t(w).
-3
Let n = 1714 - 1723. Let u(z) = -2*z**3 - 20*z**2 - 17*z + 11. Give u(n).
2
Let v(h) be the first derivative of h**2/2 - 6*h + 47. Determine v(4).
-2
Let s(n) be the second derivative of n**3/3 + 13*n**2/2 + 11*n - 7. What is s(-6)?
1
Let x(q) = 4 - 2*q**3 - 2*q**2 + 0*q**2 + 9*q**2 + 2*q - 3*q**2 + q**3. Give x(5).
-11
Let z(l) = 2*l**2 - l. Let n be z(2). Suppose 0 = 2*x + b - 7, 3*x = -3*b + 10 - 1. Let f(q) = -3*q**2 + 4*q**2 - 2*q**2 - x + 1 + 6*q. Determine f(n).
-3
Let v(u) = 3 + 9 + u**2 - 2*u - 11 + 11. Give v(0).
12
Let o(p) be the third derivative of p**4/24 - 5*p**3/3 - 170*p**2. Calculate o(5).
-5
Let c(i) = 18*i**2 - 1 - 43*i**2 + 21*i**2. Suppose 59 - 55 = -4*t. Give c(t).
-5
Let f(s) = 42 - s + 42 - 95 + 0*s + 19. Calculate f(11).
-3
Let z = -3 + 6. Let o(h) = -213 - 2*h**2 + 213 - 6*h + 10*h. Determine o(z).
-6
Suppose -3 = t - 0. Let j(v) = 2*v**3 + 5*v**2 + 3*v - 4. Give j(t).
-22
Suppose -5*p + 23 = 8. Let x(b) = 5*b + b**2 - 3 - 6*b**p - 8*b**3 - 4*b + 2. Let o be 1/(-2)*-4 + -1. Calculate x(o).
-13
Suppose 3*r - 5*u = -2*u + 3, -4*u = -3*r - 2. Suppose r = 4*l - 5*l. Let z(g) = -g**2 - 8*g - 6. Determine z(l).
6
Let o(h) = -h**3 - 5*h**2 + 7*h + 9. Let f = -46 + 202. Let p be f/(-27) - (2 - 32/18). Give o(p).
3
Let l = -3 - -3. Suppose 2*a + l*a - 4 = 0. Let j(y) = -4*y + a*y**2 - y + 2*y - y**2. Give j(2).
-2
Let t(z) = 2*z**3 + z**2 + z - 61. Let i be t(0). Let p = -64 - i. Let x(q) = -q + 1 - 1 + 0*q - 7. Determine x(p).
-4
Let m(d) = d + 1. Let z be (-4)/20 + (-71)/(-5). Suppose 4*u = -2*f - 1 - 1, -f + u = -z. Suppose -4*w + 3 + f = 0. Calculate m(w).
4
Let j(b) = -b**2 + 8*b + 11. Let k be j(9). Suppose 5 = p - 0*p, -3*t = -5*p + 16. Let x(v) = 3*v - k*v - v**t + 0*v**3 - 4*v**2 + 9*v**2 + 2. What is x(5)?
7
Let f(n) = n**3 - 4*n + 3. Let x be (-20)/28 + (-4)/14. Let o be x + -2 + 3 - -3. Suppose o*y - 5 = 1. Give f(y).
3
Let l(x) = x - 3. Let o be 27/(-27)*((1 - 2) + 2). Give l(o).
-4
Let p(l) be the second derivative of -7*l + 0 + 1/2*l**3 - 5/2*l**2. Give p(6).
13
Let v = 289 + -279. Let g(l) = -l**3 + 11*l**2 - 10*l - 10. What is g(v)?
-10
Let q(r) = 2*r + r**2 + 888 - 879 - 11*r. Give q(7).
-5
Let g = 27 - 24. Suppose k + g - 2 = 0, -3*v - 4*k + 5 = 0. Let i be v + -9 + 2 + -1. Let 